its digit of 2207?
7
What is the units digit of 4642?
2
What is the units digit of 2642?
2
What is the thousands digit of 7032?
7
What is the hundreds digit of 4883?
8
What is the thousands digit of 48322?
8
What is the hundreds digit of 4670?
6
What is the tens digit of 9293?
9
What is the hundreds digit of 485?
4
What is the ten thousands digit of 34038?
3
What is the hundreds digit of 44646?
6
What is the thousands digit of 5695?
5
What is the hundreds digit of 827?
8
What is the units digit of 71565?
5
What is the tens digit of 68418?
1
What is the units digit of 898?
8
What is the hundreds digit of 34408?
4
What is the tens digit of 1294?
9
What is the units digit of 551?
1
What is the units digit of 726?
6
What is the tens digit of 247?
4
What is the thousands digit of 6516?
6
What is the units digit of 7482?
2
What is the tens digit of 799?
9
What is the thousands digit of 167837?
7
What is the hundreds digit of 482?
4
What is the tens digit of 828?
2
What is the thousands digit of 17038?
7
What is the units digit of 56592?
2
What is the thousands digit of 1592?
1
What is the thousands digit of 28061?
8
What is the hundreds digit of 750?
7
What is the units digit of 1618?
8
What is the hundreds digit of 60487?
4
What is the ten thousands digit of 34845?
3
What is the hundreds digit of 4683?
6
What is the units digit of 956?
6
What is the tens digit of 33922?
2
What is the hundreds digit of 3912?
9
What is the thousands digit of 18637?
8
What is the hundreds digit of 6995?
9
What is the thousands digit of 1820?
1
What is the tens digit of 536?
3
What is the hundreds digit of 19382?
3
What is the tens digit of 35099?
9
What is the thousands digit of 6138?
6
What is the thousands digit of 7310?
7
What is the thousands digit of 2278?
2
What is the thousands digit of 1291?
1
What is the units digit of 8010?
0
What is the thousands digit of 1471?
1
What is the hundreds digit of 11672?
6
What is the ten thousands digit of 24027?
2
What is the thousands digit of 5173?
5
What is the tens digit of 9531?
3
What is the units digit of 1397?
7
What is the hundreds digit of 33158?
1
What is the tens digit of 9246?
4
What is the ten thousands digit of 19055?
1
What is the hundreds digit of 429?
4
What is the hundreds digit of 4115?
1
What is the units digit of 3014?
4
What is the tens digit of 43128?
2
What is the hundreds digit of 968?
9
What is the thousands digit of 27725?
7
What is the thousands digit of 126712?
6
What is the hundred thousands digit of 143425?
1
What is the tens digit of 1033?
3
What is the units digit of 55954?
4
What is the hundreds digit of 754?
7
What is the units digit of 1587?
7
What is the tens digit of 62105?
0
What is the hundreds digit of 3478?
4
What is the units digit of 27720?
0
What is the units digit of 700?
0
What is the units digit of 36249?
9
What is the hundreds digit of 1115?
1
What is the tens digit of 1996?
9
What is the hundreds digit of 3074?
0
What is the hundreds digit of 1373?
3
What is the thousands digit of 6862?
6
What is the tens digit of 2409?
0
What is the thousands digit of 2286?
2
What is the ten thousands digit of 28162?
2
What is the hundreds digit of 432?
4
What is the hundreds digit of 2213?
2
What is the thousands digit of 1475?
1
What is the hundreds digit of 426?
4
What is the thousands digit of 1386?
1
What is the units digit of 13634?
4
What is the hundreds digit of 4856?
8
What is the tens digit of 113053?
5
What is the units digit of 274?
4
What is the units digit of 39?
9
What is the hundreds digit of 10815?
8
What is the tens digit of 360?
6
What is the tens digit of 1091?
9
What is the hundreds digit of 5984?
9
What is the hundreds digit of 3062?
0
What is the tens digit of 14800?
0
What is the units digit of 1703?
3
What is the ten thousands digit of 16634?
1
What is the thousands digit of 13333?
3
What is the tens digit of 11190?
9
What is the tens digit of 1956?
5
What is the hundreds digit of 1207?
2
What is the hundreds digit of 539?
5
What is the hundreds digit of 6649?
6
What is the hundreds digit of 7886?
8
What is the hundreds digit of 2380?
3
What is the units digit of 1233?
3
What is the tens digit of 990?
9
What is the hundreds digit of 3545?
5
What is the hundred thousands digit of 144259?
1
What is the units digit of 9244?
4
What is the tens digit of 3935?
3
What is the tens digit of 4763?
6
What is the units digit of 148?
8
What is the thousands digit of 121296?
1
What is the thousands digit of 123806?
3
What is the hundreds digit of 8002?
0
What is the ten thousands digit of 43386?
4
What is the hundreds digit of 5545?
5
What is the units digit of 1299?
9
What is the units digit of 18416?
6
What is the hundreds digit of 2536?
5
What is the units digit of 5239?
9
What is the units digit of 16986?
6
What is the tens digit of 8715?
1
What is the units digit of 232?
2
What is the hundreds digit of 3623?
6
What is the units digit of 1009?
9
What is the hundreds digit of 5074?
0
What is the hundreds digit of 10125?
1
What is the thousands digit of 48162?
8
What is the tens digit of 27510?
1
What is the units digit of 21303?
3
What is the tens digit of 3390?
9
What is the tens digit of 7087?
8
What is the hundreds digit of 9755?
7
What is the thousands digit of 19255?
9
What is the thousands digit of 2442?
2
What is the thousands digit of 191766?
1
What is the hundreds digit of 1339?
3
What is the units digit of 13091?
1
What is the hundreds digit of 16710?
7
What is the hundreds digit of 29891?
8
What is the tens digit of 18628?
2
What is the tens digit of 491?
9
What is the units digit of 25435?
5
What is the units digit of 445?
5
What is the thousands digit of 49863?
9
What is the units digit of 265?
5
What is the units digit of 10384?
4
What is the hundreds digit of 248?
2
What is the hundreds digit of 8296?
2
What is the tens digit of 1020?
2
What is the tens digit of 1120?
2
What is the tens digit of 1571?
7
What is the units digit of 48667?
7
What is the tens digit of 3167?
6
What is the units digit of 2613?
3
What is the hundreds digit of 51842?
8
What is the thousands digit of 86652?
6
What is the units digit of 8440?
0
What is the hundreds digit of 830?
8
What is the thousands digit of 6489?
6
What is the ten thousands digit of 24236?
2
What is the hundred thousands digit of 140699?
1
What is the hundreds digit of 755?
7
What is the thousands digit of 101526?
1
What is the ten thousands digit of 14528?
1
What is the units digit of 191?
1
What is the units digit of 4001?
1
What is the tens digit of 4668?
6
What is the thousands digit of 2343?
2
What is the thousands digit of 41218?
1
What is the thousands digit of 7992?
7
What is the units digit of 87607?
7
What is the tens digit of 14749?
4
What is the tens digit of 87041?
4
What is the tens digit of 13875?
7
What is the tens digit of 2650?
5
What is the tens digit of 744?
4
What is the hundreds digit of 18274?
2
What is the hundreds digit of 13761?
7
What is the ten thousands digit of 195902?
9
What is the units digit of 5036?
6
What is the ten thousands digit of 10987?
1
What is the hundreds digit of 14705?
7
What is the units digit of 3573?
3
What is the ten thousands digit of 11729?
1
What is the hundreds digit of 10950?
9
What is the hundreds digit of 15574?
5
What is the hundreds digit of 507?
5
What is the thousands digit of 32687?
2
What is the thousands digit of 42010?
2
What is the units digit of 7585?
5
What is the units digit of 13599?
9
What is the units digit of 1276?
6
What is the units digit of 2921?
1
What is the tens digit of 2005?
0
What is the hundreds digit of 732?
7
What is the units digit of 3583?
3
What is the thousands digit of 7139?
7
What is the units digit of 491?
1
What is the tens digit of 100293?
9
What is the units digit of 141655?
5
What is the units digit of 3082?
2
What is the units digit of 133?
3
What is the thousands digit of 6228?
6
What is the tens digit of 90585?
8
What is the hundreds digit of 6621?
6
What is the thousands digit of 22349?
2
What is the hundreds digit of 1043?
0
What is the tens digit of 757?
5
What is the tens digit of 6153?
5
What is the units digit of 7292?
2
What is the units digit of 1855?
5
What is the ten thousands digit of 106043?
0
What is the 